i**2 + 11*i + 1. Let h be z(5). Suppose 1044 + h = -6*x. Let v = 5 - x. Is v composite?
True
Suppose -u - 120 = 4*u. Let c(l) = l - 11. Let p be c(7). Is (-4)/u*p + 536/3 composite?
True
Suppose 2*z = -2*y + 844098, -1216255 = -4*y - 3*z + 471949. Is y a composite number?
False
Let i = 138 - -1514. Let x = i - 4649. Let p = -344 - x. Is p a prime number?
False
Let v(q) = -28*q**3 - 28*q**2 + 16*q + 31. Is v(-15) composite?
False
Let g = -11603 - -12690. Is g composite?
False
Is (-205402)/(7/((-42)/12)) composite?
False
Let a = -443 - -443. Suppose a*i - 13572 = -2*g - 2*i, 5*i + 13607 = 2*g. Is g composite?
False
Let k = -313041 + 443524. Is k composite?
False
Let w(p) be the third derivative of 11*p**4/8 + 5*p**3/3 + 242*p**2. Suppose 5*v - y - 44 = 0, 3*y = v + 2*y - 8. Is w(v) prime?
True
Suppose 28*u = -12*u - 28*u + 3150236. Is u prime?
True
Let b = -460 + 3273. Is b a composite number?
True
Let p(z) = 146018*z + 10305. Is p(11) prime?
False
Suppose -24 = 4*i - 8*i. Let q be (-1)/(-3) + (-452)/i. Let c = 382 + q. Is c composite?
False
Let l(k) be the first derivative of 2*k**3 + 15*k**2/2 + 26*k + 66. Let g be ((-22)/(-3))/(12/(-18)). Is l(g) a composite number?
False
Let d be (-234795)/(-6) - 2*2/(-8). Suppose -5*g - 65235 = -5*r, 3*r = 6*g - 5*g + d. Is r a prime number?
True
Suppose -10*z - 5 = -5. Suppose z = 4*m - 5*c + 30, -23 = 5*m - 0*m + c. Let r(a) = -9*a**3 + 6*a + 2. Is r(m) a composite number?
False
Let v = 169568 + -48907. Is v composite?
False
Suppose 3*t = w + 5, 3*t - 7 = 8. Suppose w*z + 4*z = 213626. Is z a prime number?
True
Suppose 8 + 1 = 3*k. Suppose -x + 5*p = -2*x + 34, -k*x - p + 60 = 0. Is x a prime number?
True
Let v(d) = 46*d - 10*d - 5*d - 109 + 18*d. Is v(30) prime?
True
Let i = 219213 - 115442. Is i composite?
True
Suppose -3*s + 581 = 2030. Let u = s + 197. Let o = 67 - u. Is o a composite number?
False
Let g be 12/24*(15619 + 3). Suppose 7*l + 3*j + 39029 = 12*l, 2*j = -l + g. Is l composite?
True
Suppose -5*y + 14 = -4*s, y - 3*s = 4*y - 3. Let f be (4 - 6)*(-1 + y). Is (-8)/4*191/f composite?
False
Suppose 0 = -4*z + 4*x + 28476, -8*x + 6*x - 35607 = -5*z. Is z prime?
False
Let g(b) be the second derivative of 1499*b**3/6 - 57*b**2/2 + 10*b - 3. Is g(22) a prime number?
False
Let t be 3*10/75*5. Is (36/18 + 2059/t)*2 a prime number?
True
Let x = -77124 + 109061. Is x composite?
True
Suppose -z = -4*z - 5*k + 36, -4*z - 2*k = -34. Suppose -3*j = z*j - 7450. Is j prime?
False
Let v = -362 - -256. Let m = 107 + v. Suppose -4 = -q + m, 4281 = 4*c + q. Is c composite?
False
Suppose 373*g = 376*g - 15. Suppose -g*v - 5*n = -46165, 2*v + 5*n - 2802 = 15658. Is v prime?
False
Let u(p) be the third derivative of 7*p**5/60 - p**3 - p**2. Suppose 43 = 66*l + 373. Is u(l) a prime number?
False
Suppose 0 = -5*v + 4*v - 51. Let d = -783 - -635. Let n = v - d. Is n composite?
False
Is (-477)/318 + (97741/(-2))/(-1) a composite number?
False
Suppose -38 = -6*v + 4. Let t(n) = 455*n**2 + 3*n + 24. Let z be t(v). Suppose -z = 29*i - 33*i. Is i prime?
False
Suppose 81*q = 41*q - 410040. Let l = -3844 - q. Is l a prime number?
False
Let f be ((-8)/(-4) + 1)*1. Suppose f*b - 2*b = 2. Suppose 2*s = 10, -b*p + 5*s = 9*s - 1894. Is p a prime number?
True
Suppose -4 = 2*v - 2, -4*v = j - 116235. Is j prime?
True
Suppose -7*a + 5251 = 14372. Let j be (47/(-2))/(-4 - a/326). Let h = j - 5056. Is h a prime number?
False
Let m(f) = -3328*f + 3429. Is m(-14) a composite number?
False
Suppose 4*o = 11*x + 180215, 3*o - 6*x - 135180 = -4*x. Is o composite?
True
Let g be -1*(3 + -38) - 5. Let c be g/45 + -1*136/(-3). Suppose 43*h = c*h - 17619. Is h composite?
True
Let m(q) = 60*q - 1189. Is m(77) prime?
False
Let t be (5 - (-57)/(-12))/(1/12). Let l be (-3 + 3)/(t + -4). Suppose 2*q + 4*h - 486 = l, -4*h = -0*q - 3*q + 769. Is q prime?
True
Suppose 899*h + 4 = 895*h. Is 0 + h/6 + 569450/84 a prime number?
True
Suppose -4*s + 431814 = -2*k, s - 2*k - 43673 = 64288. Is s a prime number?
True
Suppose 4*f + 114 = 122. Suppose -72 = f*w - 2324. Is w prime?
False
Let t = 39869 + -3279. Let m = t + -14716. Is m a prime number?
False
Suppose 3*g = 9, -3*h - 28 = -8*h - g. Suppose -5*k = h*i - 2980, 2*k - 4*i - 604 = 570. Is k a prime number?
True
Suppose 3*r + 20 = 4*n - 2*r, 0 = n + 3*r + 12. Suppose n = -47*h + 268891 + 190158. Is h prime?
True
Let d = 294 - 286. Suppose 20*a = d*a + 38964. Is a composite?
True
Let r(y) = 525*y - 1. Let w be r(-3). Let q(z) = -159*z + 1120. Let v be q(-11). Let d = v + w. Is d a prime number?
False
Suppose -x = -5*x - 48. Let b = x - -15. Suppose 4*o = i + 3*o - 264, b*i - 793 = 4*o. Is i prime?
True
Suppose -9*r + 298 = 1261. Let p = r - -112. Suppose -z + 2528 = p*s, 0*z + 10128 = 4*z + 4*s. Is z prime?
False
Is (-205 - -311)*1574/4*1 a prime number?
False
Let w(n) = -5*n + 149. Let s be w(29). Suppose 5*r = -s*o + 588 + 441, -r + 1009 = 4*o. Is o a composite number?
False
Let c(v) be the second derivative of -v**4/12 - 5*v**3/6 - 8*v. Let a be c(-6). Is (-9)/a*(-254)/(-3) a prime number?
True
Is (36200688/(-216))/(24/(-108)) a prime number?
True
Let g(j) = 2*j**2 + 14*j - 14. Let m be g(-14). Suppose -m*r = -191*r + 40869. Is r composite?
True
Let o(y) = -19*y + 1. Let b(j) = j - 1. Let f(p) = -4*b(p) - o(p). Let u be f(2). Suppose -5926 = 31*i - u*i. Is i a composite number?
False
Let m be (-13 + 14)*(5 - 2). Is (-123)/82*(-230)/m composite?
True
Suppose 3*v = -15736 + 57913. Is v composite?
True
Let l = 33538 + 65793. Is l composite?
True
Let c be (-8)/(-4)*-191*47. Let m be (6/9)/(-2) + c/(-6). Let n = m - 1599. Is n a prime number?
False
Suppose 0 = 30*t - 327660 - 549600. Is t a composite number?
True
Let v = -1230031 + 1830908. Is v composite?
False
Is (5191728/(-60)*(-10)/4)/(-12 - -14) a prime number?
True
Let q = 256 - 260. Let l(m) = -325*m - 7. Is l(q) a composite number?
True
Let o = -26947 - -7417. Let l = 96485 + o. Is l a composite number?
True
Let j(q) = 2784*q**2 + 362*q - 2870. Is j(8) a composite number?
True
Suppose -2772217 - 19057850 = -81*j. Is j a prime number?
False
Let m(x) = 807*x**3 - 17*x**2 + 4*x - 417. Is m(11) prime?
False
Let x(y) = y**2 - 3*y - 35. Let u be x(8). Let d be (-3 - (-10)/u)*3. Is (3022/10)/(d/(-15)) a composite number?
False
Let m = 69637 - -18358. Is m a prime number?
False
Suppose 2*h = b + 18, -2*b - 11 = -2*h + 33. Let u(a) = a**3 + 29*a**2 + 61*a - 63. Is u(b) a prime number?
True
Let i(r) = 4*r**3 - 9*r**2 - 9*r - 20. Let t be i(13). Let k = -1551 + t. Is k a prime number?
False
Let k(w) be the second derivative of -11*w**5/20 + w**4/12 - w**2 + 19*w. Let t be k(-1). Is 4/20 + 2 + 9628/t a prime number?
False
Suppose t - 6 = -3*s + 5, -4*s + 2*t = 2. Suppose -24298 = -s*q - 3*w, 2*q - 1827 = 2*w + 22471. Is q composite?
False
Let m be 0/(0 - -3) - (-13360)/16. Let h(n) = -80*n - 36. Let c be h(7). Let d = m + c. Is d prime?
True
Let j(h) = 2*h**3 - 5*h**2 - 11*h + 40. Let s be j(3). Suppose -13*w - 1923 = -s*w. Is w prime?
True
Let g(d) = d**2 + 1 + 5 + 3 + 8*d. Let s be g(12). Suppose -69 = -6*f + s. Is f prime?
True
Let w(r) = 9*r**3 + 54*r**2 + 487*r - 23. Is w(33) prime?
True
Suppose -5*o - 20 = 0, -4*x + 141060 = 22*o - 20*o. Is x prime?
True
Suppose 9*k - 179313 = -58884. Is k a composite number?
False
Let w = -31 + 11. Is -5*4/8*55192/w prime?
True
Let z = 10723 - 62. Is (15/((-60)/(-4)))/(1/z) a prime number?
False
Let t(z) = 66*z - 7. Let x be t(-8). Let c = x + -1684. Let w = 830 - c. Is w a prime number?
True
Suppose 3*p - 5*i + 7*i + 8961 = 0, 2*p + 5979 = -3*i. Let s = 1478 - p. Is s prime?
True
Let p(m) = 6*m**2 + 30*m - 13. Let h = 18 + -40. Is p(h) a composite number?
True
Suppose 45657388 = 146*h - 16549270. Is h prime?
True
Suppose -3*c = 2*x - 24, 4*c - 32 = -6*x + 3*x. Suppose 4*a + 3*h - 23 - c = 0, -5*a = h - 25. Suppose 0*k - k = -5*u + 2041, -a*k = -16. Is u composite?
False
Is (2 + -1)*(13 - -47884) a prime number?
False
Let t(c) be the second derivative of c**7/280 - 7*c**6/360 + c**5/10 - 5*c**4/4 - 40*c. Let i(b) be the third derivative of t(b). Is i(-7) composite?
True
Let o(v) = 56*v**3 - 3*v + 1. Suppose -3*h - 36 = -5*z, 0*h + 10 = z - 2*h. Suppose 5*s + 3*x = 2*x + z, s - 2*x = 10. Is o(s) a prime number?
True
Let 